{"id":983,"date":"2026-04-23T21:45:12","date_gmt":"2026-04-23T20:45:12","guid":{"rendered":"https:\/\/femipariklaszter.hu\/?post_type=tribe_events&#038;p=983"},"modified":"2026-04-24T11:37:40","modified_gmt":"2026-04-24T10:37:40","slug":"festo-beszallitoi-nap","status":"publish","type":"tribe_events","link":"https:\/\/femipariklaszter.hu\/index.php\/event\/festo-beszallitoi-nap\/","title":{"rendered":"F\u00e9mipari FESTO besz\u00e1ll\u00edt\u00f3i nap"},"content":{"rendered":"<h2><strong>F\u00e9mipari FESTO besz\u00e1ll\u00edt\u00f3i nap<\/strong><\/h2>\n<p><strong>A Magyar Met\u00e1l F\u00e9mipari Klaszter\u00a0<a href=\"https:\/\/femipariklaszter.hu\/index.php\/event\/festo-beszallitoi-nap\/\">FESTO\u00a0besz\u00e1ll\u00edt\u00f3i nap<\/a>ot szervez, amelynek c\u00e9lja \u00faj f\u00e9mipari gy\u00e1rt\u00f3kapacit\u00e1sok felt\u00e9rk\u00e9pez\u00e9se \u00e9s bevon\u00e1sa a FESTO leend\u0151 besz\u00e1ll\u00edt\u00f3i egy\u00fcttm\u0171k\u00f6d\u00e9seibe.<\/strong><\/p>\n<p>Az esem\u00e9ny k\u00f6z\u00e9ppontj\u00e1ban a FESTO specifikus gy\u00e1rt\u00e1si ig\u00e9nyei \u00e1llnak, ez\u00e9rt els\u0151sorban olyan v\u00e1llalkoz\u00e1sok jelentkez\u00e9s\u00e9t v\u00e1rjuk, amelyek tapasztalattal rendelkeznek alum\u00ednium, rozsdamentes ac\u00e9l \u00e9s s\u00e1rgar\u00e9z alapanyagok megmunk\u00e1l\u00e1s\u00e1ban, valamint prec\u00edzi\u00f3s forg\u00e1csol\u00e1si feladatok ell\u00e1t\u00e1s\u00e1ban.<\/p>\n<p><b>Kiemelt szakmai ter\u00fcletek:<br \/>\n<\/b>\u2013 hosszeszterg\u00e1l\u00e1s D5\u2013D70 tartom\u00e1nyban, k\u00fcl\u00f6n\u00f6sen D10\u2013D40 m\u00e9rettartom\u00e1nyban,<br \/>\n\u2013 forg\u00e1csolt alkatr\u00e9szek gy\u00e1rt\u00e1sa (pl. menetes csatlakoz\u00f3k, szab\u00e1lyoz\u00f3 csavarok),<br \/>\n\u2013 bevonatol\u00e1s: els\u0151sorban nat\u00far elox, ritk\u00e1bban k\u00e9k \u00e9s fekete elox, valamint zinc passziv\u00e1l\u00e1s,<br \/>\n\u2013 alacsonyabb m\u00e9r\u00e9si t\u0171r\u00e9sekre optimaliz\u00e1lt gy\u00e1rt\u00e1s \u00e9s min\u0151s\u00e9gbiztos\u00edt\u00e1s,<br \/>\n\u2013 kis-, k\u00f6zepes \u00e9s nagy darabsz\u00e1m\u00fa gy\u00e1rt\u00e1s (n\u00e9h\u00e1ny sz\u00e1z darabt\u00f3l ak\u00e1r 100 000 db-ig).<\/p>\n<p>\ud83d\udcc5\u00a0<strong>Id\u0151pont:<\/strong>\u00a02026. m\u00e1jus 14.<br \/>\n\ud83d\udccd\u00a0<strong>Helysz\u00edn:<\/strong>\u00a0Budapest<\/p>\n<p><a href=\"https:\/\/docs.google.com\/forms\/d\/1VPDUj6IvRmBY2gMWMCzLKUhNJXyHVycMzTVrz4eS8SU\/edit\" target=\"_blank\" rel=\"noopener\"><strong>EL\u0150ZETES REGISZTR\u00c1CI\u00d3<\/strong><\/a><\/p>\n<p><b>Jelentkez\u00e9si hat\u00e1rid\u0151: 2026. \u00e1prilis 29. szerda 17:00<\/b><\/p>\n<p>Olyan v\u00e1llalkoz\u00e1sok jelentkez\u00e9s\u00e9t v\u00e1rjuk, amelyek szeretn\u00e9nek bekapcsol\u00f3dni a\u00a0FESTO\u00a0besz\u00e1ll\u00edt\u00f3i k\u00f6r\u00e9be \u00e9s hossz\u00fa t\u00e1v\u00fa, stabil ipari egy\u00fcttm\u0171k\u00f6d\u00e9sben gondolkodnak.<\/p>\n<p>A jelenlegi szakaszban a c\u00e9gek el\u0151zetes regisztr\u00e1ci\u00f3ja t\u00f6rt\u00e9nik. Nagysz\u00e1m\u00fa \u00e9rdekl\u0151d\u00e9s eset\u00e9n a regisztr\u00e1ci\u00f3t k\u00f6vet\u0151en szakmai el\u0151sz\u0171r\u00e9sre ker\u00fcl sor, amelynek c\u00e9lja a gy\u00e1rt\u00e1si kompetenci\u00e1k \u00e9s kapacit\u00e1sok r\u00e9szletes felm\u00e9r\u00e9se.<\/p>\n<p>Szeretettel v\u00e1rjuk a jelentkez\u00e9sedet!<\/p>\n<p><b>R\u00e9szv\u00e9teli felt\u00e9telek:<br \/>\n<\/b><\/p>\n<ul>\n<li><i>A besz\u00e1ll\u00edt\u00f3i napon val\u00f3 r\u00e9szv\u00e9tel el\u0151zetes jelentkez\u00e9shez k\u00f6t\u00f6tt.<\/i><\/li>\n<li><i>A beszerz\u0151 c\u00e9g fenntartja a jogot az el\u0151zetes szakmai el\u0151sz\u0171r\u00e9sre; az elj\u00e1r\u00e1st k\u00f6vet\u0151en valamennyi jelentkez\u0151 t\u00e1j\u00e9koztat\u00e1st kap.<\/i><\/li>\n<li><i>Egy v\u00e1llalatt\u00f3l egy kit\u00f6lt\u00e9s sz\u00fcks\u00e9ges, a k\u00e9s\u0151bbi szakmai el\u0151sz\u0171r\u00e9s arra az emailc\u00edmre fog \u00e9rkezni.<\/i><\/li>\n<\/ul>\n","protected":false},"excerpt":{"rendered":"<p>Besz\u00e1ll\u00edt\u00f3kat keres a FESTO! F\u00e9mipari gy\u00e1rt\u00f3k jelentkez\u00e9s\u00e9t v\u00e1rjuk CNC, forg\u00e1csol\u00e1s \u00e9s hosszeszterg\u00e1l\u00e1s ter\u00fcleten. Jelentkezz most!<\/p>\n","protected":false},"author":2,"featured_media":982,"template":"","meta":{"_tribe_events_status":"","_tribe_events_status_reason":"","footnotes":""},"tags":[],"tribe_events_cat":[69],"class_list":["post-983","tribe_events","type-tribe_events","status-publish","has-post-thumbnail","hentry","tribe_events_cat-beszallitoi-nap","cat_beszallitoi-nap"],"_links":{"self":[{"href":"https:\/\/femipariklaszter.hu\/index.php\/wp-json\/wp\/v2\/tribe_events\/983","targetHints":{"allow":["GET"]}}],"collection":[{"href":"https:\/\/femipariklaszter.hu\/index.php\/wp-json\/wp\/v2\/tribe_events"}],"about":[{"href":"https:\/\/femipariklaszter.hu\/index.php\/wp-json\/wp\/v2\/types\/tribe_events"}],"author":[{"embeddable":true,"href":"https:\/\/femipariklaszter.hu\/index.php\/wp-json\/wp\/v2\/users\/2"}],"version-history":[{"count":3,"href":"https:\/\/femipariklaszter.hu\/index.php\/wp-json\/wp\/v2\/tribe_events\/983\/revisions"}],"predecessor-version":[{"id":986,"href":"https:\/\/femipariklaszter.hu\/index.php\/wp-json\/wp\/v2\/tribe_events\/983\/revisions\/986"}],"wp:featuredmedia":[{"embeddable":true,"href":"https:\/\/femipariklaszter.hu\/index.php\/wp-json\/wp\/v2\/media\/982"}],"wp:attachment":[{"href":"https:\/\/femipariklaszter.hu\/index.php\/wp-json\/wp\/v2\/media?parent=983"}],"wp:term":[{"taxonomy":"post_tag","embeddable":true,"href":"https:\/\/femipariklaszter.hu\/index.php\/wp-json\/wp\/v2\/tags?post=983"},{"taxonomy":"tribe_events_cat","embeddable":true,"href":"https:\/\/femipariklaszter.hu\/index.php\/wp-json\/wp\/v2\/tribe_events_cat?post=983"}],"curies":[{"name":"wp","href":"https:\/\/api.w.org\/{rel}","templated":true}]}}

Fémipari FESTO beszállítói nap

<h2><strong>Fémipari FESTO beszállítói nap</strong></h2>
<p><strong>A Magyar Metál Fémipari Klaszter <a href="https://femipariklaszter.hu/index.php/event/festo-beszallitoi-nap/">FESTO beszállítói nap</a>ot szervez, amelynek célja új fémipari gyártókapacitások feltérképezése és bevonása a FESTO leendő beszállítói együttműködéseibe.</strong></p>
<p>Az esemény középpontjában a FESTO specifikus gyártási igényei állnak, ezért elsősorban olyan vállalkozások jelentkezését várjuk, amelyek tapasztalattal rendelkeznek alumínium, rozsdamentes acél és sárgaréz alapanyagok megmunkálásában, valamint precíziós forgácsolási feladatok ellátásában.</p>
<p><b>Kiemelt szakmai területek:<br />
</b>– hosszesztergálás D5–D70 tartományban, különösen D10–D40 mérettartományban,<br />
– forgácsolt alkatrészek gyártása (pl. menetes csatlakozók, szabályozó csavarok),<br />
– bevonatolás: elsősorban natúr elox, ritkábban kék és fekete elox, valamint zinc passziválás,<br />
– alacsonyabb mérési tűrésekre optimalizált gyártás és minőségbiztosítás,<br />
– kis-, közepes és nagy darabszámú gyártás (néhány száz darabtól akár 100 000 db-ig).</p>
<p>📅 <strong>Időpont:</strong> 2026. május 14.<br />
📍 <strong>Helyszín:</strong> Budapest</p>
<p><a href="https://docs.google.com/forms/d/1VPDUj6IvRmBY2gMWMCzLKUhNJXyHVycMzTVrz4eS8SU/edit" target="_blank" rel="noopener"><strong>ELŐZETES REGISZTRÁCIÓ</strong></a></p>
<p><b>Jelentkezési határidő: 2026. április 29. szerda 17:00</b></p>
<p>Olyan vállalkozások jelentkezését várjuk, amelyek szeretnének bekapcsolódni a FESTO beszállítói körébe és hosszú távú, stabil ipari együttműködésben gondolkodnak.</p>
<p>A jelenlegi szakaszban a cégek előzetes regisztrációja történik. Nagyszámú érdeklődés esetén a regisztrációt követően szakmai előszűrésre kerül sor, amelynek célja a gyártási kompetenciák és kapacitások részletes felmérése.</p>
<p>Szeretettel várjuk a jelentkezésedet!</p>
<p><b>Részvételi feltételek:<br />
</b></p>
<ul>
<li><i>A beszállítói napon való részvétel előzetes jelentkezéshez kötött.</i></li>
<li><i>A beszerző cég fenntartja a jogot az előzetes szakmai előszűrésre; az eljárást követően valamennyi jelentkező tájékoztatást kap.</i></li>
<li><i>Egy vállalattól egy kitöltés szükséges, a későbbi szakmai előszűrés arra az emailcímre fog érkezni.</i></li>
</ul>

<p>Beszállítókat keres a FESTO! Fémipari gyártók jelentkezését várjuk CNC, forgácsolás és hosszesztergálás területen. Jelentkezz most!</p>
