{"id":435,"date":"2025-08-27T09:41:14","date_gmt":"2025-08-27T08:41:14","guid":{"rendered":"https:\/\/femipariklaszter.hu\/?post_type=tribe_events&#038;p=435"},"modified":"2025-08-27T10:39:06","modified_gmt":"2025-08-27T09:39:06","slug":"cee-automotive-trasition-forum","status":"publish","type":"tribe_events","link":"https:\/\/femipariklaszter.hu\/index.php\/event\/cee-automotive-trasition-forum\/","title":{"rendered":"CEE Automotive Transition Forum"},"content":{"rendered":"<p><strong>Egy\u00fcttm\u0171k\u00f6d\u0151 partner\u00fcnk, a Zone Klaszter<\/strong>, 2025-ben is megszervezi a\u00a0<strong><a href=\"https:\/\/automotivetransition.com\" target=\"_blank\" rel=\"noopener\">CEE Automotive Transition Forumot<\/a><\/strong>, amelyre ez\u00faton szeretn\u00e9nk Benneteket tisztelettel megh\u00edvni. Tal\u00e1lkozzunk\u00a0<strong>szeptember 18-\u00e1n Budapesten, a B\u00e1ln\u00e1ban!<\/strong>\u00a0A <strong>Magyar Met\u00e1l F\u00e9mipari Klaszter<\/strong>, a rendezv\u00e9ny strat\u00e9giai szakmai partnere, ez\u00e9rt\u00a0<strong>50% kedvezm\u00e9nyt kapunk a konferencia jegy \u00e1r\u00e1b\u00f3l<\/strong>, amelyet az al\u00e1bbi kuponk\u00f3ddal tudtok \u00e9rv\u00e9nyes\u00edteni:<\/p>\n<p><strong>KUPONK\u00d3D: VIP-MMFK50 \u00a0<\/strong>(A kedvezm\u00e9ny a Classic Pass jegyt\u00edpusra vonatkozik).<\/p>\n<p><span class=\"v1v1v1x1xsqp64 v1v1v1xiy17q3 v1v1v1x1o6pynw v1v1v1x19co3pv v1v1v1xdj266r v1v1v1xjn30re v1v1v1xat24cr v1v1v1x1hb08if v1v1v1x2b8uid\"><span class=\"v1v1v1xexx8yu v1v1v1xcaqkgz v1v1v1x18d9i69 v1v1v1xbwkkl7 v1v1v1x3jgonx v1v1v1x1bhl96m\">\ud83d\udc49<\/span><\/span> <strong>Program, jegyv\u00e1s\u00e1rl\u00e1s \u00e9s minden tov\u00e1bbi inform\u00e1ci\u00f3:<\/strong>\u00a0<a href=\"http:\/\/www.automotivetransition.com\/\" target=\"_blank\" rel=\"noopener noreferrer\">www.automotivetransition.com<\/a><\/p>\n<h3 dir=\"ltr\">A F\u00f3rum f\u00f3kuszpontjai<\/h3>\n<ul>\n<li dir=\"ltr\">\n<p dir=\"ltr\" role=\"presentation\"><strong>\u00a0Automotive Dual-Tech Forum<\/strong><br \/>\nFedezze fel, mik\u00e9nt kapcsol\u00f3dik \u00f6ssze az aut\u00f3ipar \u00e9s a v\u00e9delmi ipar, \u00e9s hogyan teremthetnek a c\u00e9gek \u00faj \u00fczleti lehet\u0151s\u00e9geket a kett\u0151s felhaszn\u00e1l\u00e1s\u00fa technol\u00f3gi\u00e1k r\u00e9v\u00e9n!<\/p>\n<\/li>\n<li dir=\"ltr\">\n<p dir=\"ltr\" role=\"presentation\"><strong>\u00a0Smart City 4.0 Forum<\/strong><br \/>\nA mesters\u00e9ges intelligencia \u00e9s a digit\u00e1lis innov\u00e1ci\u00f3 hogyan alak\u00edtja \u00e1t a v\u00e1rosi k\u00f6zszolg\u00e1ltat\u00e1sokat, a k\u00f6zleked\u00e9st \u00e9s a fenntarthat\u00f3 mobilit\u00e1st a Smart City 4.0 korszak\u00e1ban.<\/p>\n<\/li>\n<li dir=\"ltr\">\n<p dir=\"ltr\" role=\"presentation\"><strong>\u00a0Digital Twins Workshop<\/strong><br \/>\nGyakorlati workshop, ahol bemutatjuk, hogyan seg\u00edt a Digital Twins technol\u00f3gia a j\u00e1rm\u0171flott\u00e1k, infrastrukt\u00far\u00e1k \u00e9s k\u00f6zleked\u00e9si rendszerek szimul\u00e1l\u00e1s\u00e1ban, tesztel\u00e9s\u00e9ben \u00e9s finomhangol\u00e1s\u00e1ban m\u00e9g a kivitelez\u00e9s el\u0151tt.<\/p>\n<\/li>\n<li dir=\"ltr\">\n<p dir=\"ltr\" role=\"presentation\"><strong>\u00a0Bonus Highlights: ReCharge &amp; Connect Night<\/strong><br \/>\nV\u00e1lassza a GRAND TOUR PASS-t, \u00e9s csatlakozzon egy exkluz\u00edv est\u00e9re az ipar\u00e1g d\u00f6nt\u00e9shoz\u00f3ival, leny\u0171g\u00f6z\u0151 panor\u00e1m\u00e1val \u00e9s \u00e9rt\u00e9kes kapcsolat\u00e9p\u00edt\u00e9si lehet\u0151s\u00e9gekkel.<\/p>\n<\/li>\n<\/ul>\n<p>B\u00e1rmilyen k\u00e9rd\u00e9ssel kapcsolatban vedd fel a kapcsolatot a szervez\u0151kkel a\u00a0<a href=\"mailto:dialogue@automotivetransition.com\" rel=\"noreferrer\">dialogue@automotivetransition.com<\/a>\u00a0email c\u00edmen.<\/p>\n<p>Szponzor\u00e1ci\u00f3s lehet\u0151s\u00e9gek \u00e9s ki\u00e1ll\u00edt\u00f3i inform\u00e1ci\u00f3k:\u00a0<a href=\"mailto:dialogue@automotivetransition.com\" rel=\"noreferrer\">dialogue@automotivetransition.com<\/a><\/p>\n<p><strong>Tal\u00e1lkozzunk szeptember 18-\u00e1n Budapesten, a B\u00e1ln\u00e1ban!<\/strong><\/p>\n","protected":false},"excerpt":{"rendered":"<p>Egy\u00fcttm\u0171k\u00f6d\u0151 partner\u00fcnk, a Zone Klaszter, 2025-ben is megszervezi a\u00a0CEE Automotive Transition Forumot, amelyre ez\u00faton szeretn\u00e9nk Benneteket tisztelettel megh\u00edvni. Tal\u00e1lkozzunk\u00a0szeptember 18-\u00e1n Budapesten, a B\u00e1ln\u00e1ban!\u00a0A Magyar Met\u00e1l F\u00e9mipari Klaszter, a rendezv\u00e9ny strat\u00e9giai szakmai partnere, ez\u00e9rt\u00a050% kedvezm\u00e9nyt kapunk a konferencia jegy \u00e1r\u00e1b\u00f3l, amelyet az al\u00e1bbi kuponk\u00f3ddal tudtok \u00e9rv\u00e9nyes\u00edteni: KUPONK\u00d3D: VIP-MMFK50 \u00a0(A kedvezm\u00e9ny a Classic Pass jegyt\u00edpusra vonatkozik). \ud83d\udc49 Program, jegyv\u00e1s\u00e1rl\u00e1s \u00e9s minden tov\u00e1bbi inform\u00e1ci\u00f3:\u00a0www.automotivetransition.com A F\u00f3rum f\u00f3kuszpontjai \u00a0Automotive Dual-Tech Forum Fedezze fel, mik\u00e9nt kapcsol\u00f3dik \u00f6ssze az aut\u00f3ipar \u00e9s a v\u00e9delmi ipar, \u00e9s hogyan teremthetnek a c\u00e9gek \u00faj \u00fczleti lehet\u0151s\u00e9geket a kett\u0151s felhaszn\u00e1l\u00e1s\u00fa technol\u00f3gi\u00e1k r\u00e9v\u00e9n! \u00a0Smart City 4.0 Forum A mesters\u00e9ges intelligencia \u00e9s a digit\u00e1lis innov\u00e1ci\u00f3 hogyan alak\u00edtja \u00e1t a v\u00e1rosi k\u00f6zszolg\u00e1ltat\u00e1sokat, a k\u00f6zleked\u00e9st \u00e9s a fenntarthat\u00f3 mobilit\u00e1st a Smart City 4.0 korszak\u00e1ban. \u00a0Digital Twins Workshop Gyakorlati workshop, ahol bemutatjuk, hogyan seg\u00edt a Digital Twins technol\u00f3gia a j\u00e1rm\u0171flott\u00e1k, infrastrukt\u00far\u00e1k \u00e9s k\u00f6zleked\u00e9si rendszerek szimul\u00e1l\u00e1s\u00e1ban, tesztel\u00e9s\u00e9ben \u00e9s finomhangol\u00e1s\u00e1ban m\u00e9g a kivitelez\u00e9s el\u0151tt. \u00a0Bonus Highlights: ReCharge &amp; Connect Night V\u00e1lassza a GRAND TOUR PASS-t, \u00e9s csatlakozzon egy exkluz\u00edv est\u00e9re az ipar\u00e1g d\u00f6nt\u00e9shoz\u00f3ival, leny\u0171g\u00f6z\u0151 panor\u00e1m\u00e1val \u00e9s \u00e9rt\u00e9kes kapcsolat\u00e9p\u00edt\u00e9si lehet\u0151s\u00e9gekkel. B\u00e1rmilyen k\u00e9rd\u00e9ssel kapcsolatban vedd fel a kapcsolatot a szervez\u0151kkel a\u00a0dialogue@automotivetransition.com\u00a0email c\u00edmen. Szponzor\u00e1ci\u00f3s lehet\u0151s\u00e9gek \u00e9s ki\u00e1ll\u00edt\u00f3i inform\u00e1ci\u00f3k:\u00a0dialogue@automotivetransition.com Tal\u00e1lkozzunk szeptember 18-\u00e1n Budapesten, a B\u00e1ln\u00e1ban!<\/p>\n","protected":false},"author":2,"featured_media":436,"template":"","meta":{"_tribe_events_status":"","_tribe_events_status_reason":"","footnotes":""},"tags":[],"tribe_events_cat":[],"class_list":["post-435","tribe_events","type-tribe_events","status-publish","has-post-thumbnail","hentry"],"_links":{"self":[{"href":"https:\/\/femipariklaszter.hu\/index.php\/wp-json\/wp\/v2\/tribe_events\/435","targetHints":{"allow":["GET"]}}],"collection":[{"href":"https:\/\/femipariklaszter.hu\/index.php\/wp-json\/wp\/v2\/tribe_events"}],"about":[{"href":"https:\/\/femipariklaszter.hu\/index.php\/wp-json\/wp\/v2\/types\/tribe_events"}],"author":[{"embeddable":true,"href":"https:\/\/femipariklaszter.hu\/index.php\/wp-json\/wp\/v2\/users\/2"}],"version-history":[{"count":5,"href":"https:\/\/femipariklaszter.hu\/index.php\/wp-json\/wp\/v2\/tribe_events\/435\/revisions"}],"predecessor-version":[{"id":460,"href":"https:\/\/femipariklaszter.hu\/index.php\/wp-json\/wp\/v2\/tribe_events\/435\/revisions\/460"}],"wp:featuredmedia":[{"embeddable":true,"href":"https:\/\/femipariklaszter.hu\/index.php\/wp-json\/wp\/v2\/media\/436"}],"wp:attachment":[{"href":"https:\/\/femipariklaszter.hu\/index.php\/wp-json\/wp\/v2\/media?parent=435"}],"wp:term":[{"taxonomy":"post_tag","embeddable":true,"href":"https:\/\/femipariklaszter.hu\/index.php\/wp-json\/wp\/v2\/tags?post=435"},{"taxonomy":"tribe_events_cat","embeddable":true,"href":"https:\/\/femipariklaszter.hu\/index.php\/wp-json\/wp\/v2\/tribe_events_cat?post=435"}],"curies":[{"name":"wp","href":"https:\/\/api.w.org\/{rel}","templated":true}]}}

<p><strong>Együttműködő partnerünk, a Zone Klaszter</strong>, 2025-ben is megszervezi a <strong><a href="https://automotivetransition.com" target="_blank" rel="noopener">CEE Automotive Transition Forumot</a></strong>, amelyre ezúton szeretnénk Benneteket tisztelettel meghívni. Találkozzunk <strong>szeptember 18-án Budapesten, a Bálnában!</strong> A <strong>Magyar Metál Fémipari Klaszter</strong>, a rendezvény stratégiai szakmai partnere, ezért <strong>50% kedvezményt kapunk a konferencia jegy árából</strong>, amelyet az alábbi kuponkóddal tudtok érvényesíteni:</p>
<p><strong>KUPONKÓD: VIP-MMFK50  </strong>(A kedvezmény a Classic Pass jegytípusra vonatkozik).</p>
<p><span class="v1v1v1x1xsqp64 v1v1v1xiy17q3 v1v1v1x1o6pynw v1v1v1x19co3pv v1v1v1xdj266r v1v1v1xjn30re v1v1v1xat24cr v1v1v1x1hb08if v1v1v1x2b8uid"><span class="v1v1v1xexx8yu v1v1v1xcaqkgz v1v1v1x18d9i69 v1v1v1xbwkkl7 v1v1v1x3jgonx v1v1v1x1bhl96m">👉</span></span> <strong>Program, jegyvásárlás és minden további információ:</strong> <a href="http://www.automotivetransition.com/" target="_blank" rel="noopener noreferrer">www.automotivetransition.com</a></p>
<h3 dir="ltr">A Fórum fókuszpontjai</h3>
<ul>
<li dir="ltr">
<p dir="ltr" role="presentation"><strong> Automotive Dual-Tech Forum</strong><br />
Fedezze fel, miként kapcsolódik össze az autóipar és a védelmi ipar, és hogyan teremthetnek a cégek új üzleti lehetőségeket a kettős felhasználású technológiák révén!</p>
</li>
<li dir="ltr">
<p dir="ltr" role="presentation"><strong> Smart City 4.0 Forum</strong><br />
A mesterséges intelligencia és a digitális innováció hogyan alakítja át a városi közszolgáltatásokat, a közlekedést és a fenntartható mobilitást a Smart City 4.0 korszakában.</p>
</li>
<li dir="ltr">
<p dir="ltr" role="presentation"><strong> Digital Twins Workshop</strong><br />
Gyakorlati workshop, ahol bemutatjuk, hogyan segít a Digital Twins technológia a járműflották, infrastruktúrák és közlekedési rendszerek szimulálásában, tesztelésében és finomhangolásában még a kivitelezés előtt.</p>
</li>
<li dir="ltr">
<p dir="ltr" role="presentation"><strong> Bonus Highlights: ReCharge &amp; Connect Night</strong><br />
Válassza a GRAND TOUR PASS-t, és csatlakozzon egy exkluzív estére az iparág döntéshozóival, lenyűgöző panorámával és értékes kapcsolatépítési lehetőségekkel.</p>
</li>
</ul>
<p>Bármilyen kérdéssel kapcsolatban vedd fel a kapcsolatot a szervezőkkel a <a href="mailto:dialogue@automotivetransition.com" rel="noreferrer">dialogue@automotivetransition.com</a> email címen.</p>
<p>Szponzorációs lehetőségek és kiállítói információk: <a href="mailto:dialogue@automotivetransition.com" rel="noreferrer">dialogue@automotivetransition.com</a></p>
<p><strong>Találkozzunk szeptember 18-án Budapesten, a Bálnában!</strong></p>

<p>Együttműködő partnerünk, a Zone Klaszter, 2025-ben is megszervezi a CEE Automotive Transition Forumot, amelyre ezúton szeretnénk Benneteket tisztelettel meghívni. Találkozzunk szeptember 18-án Budapesten, a Bálnában! A Magyar Metál Fémipari Klaszter, a rendezvény stratégiai szakmai partnere, ezért 50% kedvezményt kapunk a konferencia jegy árából, amelyet az alábbi kuponkóddal tudtok érvényesíteni: KUPONKÓD: VIP-MMFK50  (A kedvezmény a Classic Pass jegytípusra vonatkozik). 👉 Program, jegyvásárlás és minden további információ: www.automotivetransition.com A Fórum fókuszpontjai  Automotive Dual-Tech Forum Fedezze fel, miként kapcsolódik össze az autóipar és a védelmi ipar, és hogyan teremthetnek a cégek új üzleti lehetőségeket a kettős felhasználású technológiák révén!  Smart City 4.0 Forum A mesterséges intelligencia és a digitális innováció hogyan alakítja át a városi közszolgáltatásokat, a közlekedést és a fenntartható mobilitást a Smart City 4.0 korszakában.  Digital Twins Workshop Gyakorlati workshop, ahol bemutatjuk, hogyan segít a Digital Twins technológia a járműflották, infrastruktúrák és közlekedési rendszerek szimulálásában, tesztelésében és finomhangolásában még a kivitelezés előtt.  Bonus Highlights: ReCharge &amp; Connect Night Válassza a GRAND TOUR PASS-t, és csatlakozzon egy exkluzív estére az iparág döntéshozóival, lenyűgöző panorámával és értékes kapcsolatépítési lehetőségekkel. Bármilyen kérdéssel kapcsolatban vedd fel a kapcsolatot a szervezőkkel a dialogue@automotivetransition.com email címen. Szponzorációs lehetőségek és kiállítói információk: dialogue@automotivetransition.com Találkozzunk szeptember 18-án Budapesten, a Bálnában!</p>
